{"id":86,"date":"2018-05-21T13:20:37","date_gmt":"2018-05-21T11:20:37","guid":{"rendered":"http:\/\/orchestras.eu\/cz\/?page_id=86"},"modified":"2026-01-04T19:18:53","modified_gmt":"2026-01-04T18:18:53","slug":"vstupenky","status":"publish","type":"page","link":"https:\/\/orchestras.eu\/cz\/vstupenky\/","title":{"rendered":"Vstupenky"},"content":{"rendered":"<p>\nVstup na z\u00e1v\u011bre\u010dn\u00e9 koncerty je <strong>zdarma<\/strong>.<br \/>\nVstupenky se <strong>neprod\u00e1vaj\u00ed<\/strong> a nen\u00ed vy\u017eadov\u00e1na \u017e\u00e1dn\u00e1 rezervace.<br \/>\nKoncerty jsou voln\u011b p\u0159\u00edstupn\u00e9 \u0161irok\u00e9 ve\u0159ejnosti do napln\u011bn\u00ed kapacity s\u00e1lu.<\/p>\n","protected":false},"excerpt":{"rendered":"<p>Vstup na z\u00e1v\u011bre\u010dn\u00e9 koncerty je zdarma. Vstupenky se neprod\u00e1vaj\u00ed a nen\u00ed vy\u017eadov\u00e1na \u017e\u00e1dn\u00e1 rezervace. Koncerty jsou voln\u011b p\u0159\u00edstupn\u00e9 \u0161irok\u00e9 ve\u0159ejnosti<\/p>\n","protected":false},"author":1,"featured_media":0,"parent":0,"menu_order":0,"comment_status":"closed","ping_status":"closed","template":"","meta":{"colormag_page_container_layout":"no_sidebar_full_width","colormag_page_sidebar_layout":"no_sidebar","footnotes":""},"class_list":["post-86","page","type-page","status-publish","hentry"],"_links":{"self":[{"href":"https:\/\/orchestras.eu\/cz\/wp-json\/wp\/v2\/pages\/86","targetHints":{"allow":["GET"]}}],"collection":[{"href":"https:\/\/orchestras.eu\/cz\/wp-json\/wp\/v2\/pages"}],"about":[{"href":"https:\/\/orchestras.eu\/cz\/wp-json\/wp\/v2\/types\/page"}],"author":[{"embeddable":true,"href":"https:\/\/orchestras.eu\/cz\/wp-json\/wp\/v2\/users\/1"}],"replies":[{"embeddable":true,"href":"https:\/\/orchestras.eu\/cz\/wp-json\/wp\/v2\/comments?post=86"}],"version-history":[{"count":134,"href":"https:\/\/orchestras.eu\/cz\/wp-json\/wp\/v2\/pages\/86\/revisions"}],"predecessor-version":[{"id":1396,"href":"https:\/\/orchestras.eu\/cz\/wp-json\/wp\/v2\/pages\/86\/revisions\/1396"}],"wp:attachment":[{"href":"https:\/\/orchestras.eu\/cz\/wp-json\/wp\/v2\/media?parent=86"}],"curies":[{"name":"wp","href":"https:\/\/api.w.org\/{rel}","templated":true}]}}

<p>
Vstup na závěrečné koncerty je <strong>zdarma</strong>.<br />
Vstupenky se <strong>neprodávají</strong> a není vyžadována žádná rezervace.<br />
Koncerty jsou volně přístupné široké veřejnosti do naplnění kapacity sálu.</p>

<p>Vstup na závěrečné koncerty je zdarma. Vstupenky se neprodávají a není vyžadována žádná rezervace. Koncerty jsou volně přístupné široké veřejnosti</p>
